 be c + -8 + 22 + 1. Let r be 18*5/(75/x). Calculate the highest common divisor of 8 and r.
8
Let y be ((-7572)/14)/((-1852)/6482). Calculate the greatest common factor of 6 and y.
3
Let m be -17*13/((-130)/4070). Calculate the highest common divisor of m and 374.
187
Suppose 4*i - 5*q + 6 = 47, -2*i - 17 = 5*q. Suppose -1059 = -i*m + f, -m + 4 = 4*f - 282. Calculate the highest common factor of m and 14.
14
Let n(s) = -s**3 + s**2 - s. Let b be n(1). Let z be (b/(-2))/(1/46). Let x(j) = 734*j + 6813. Let v be x(-9). What is the highest common divisor of v and z?
23
Suppose 94361 = 24*a + 38*a - 240439. What is the greatest common factor of 90 and a?
90
Let b(h) = 23*h**2 - 90*h + 19. Let x be b(4). Calculate the highest common divisor of x and 243.
27
Let u = 197 - 183. Let g = 4 + 444. What is the highest common divisor of g and u?
14
Suppose -5*o + 3*i = -7911, 4741 = 3*o + 128*i - 127*i. Calculate the highest common divisor of o and 663.
51
Suppose 650 = -z + 11*z. What is the greatest common factor of 117 and z?
13
Let r = 27 - 25. Suppose 2*u + r*x = 14, 2*u + 7*x - 2*x = 20. Suppose -2*t = -2*z - 92, 65 = u*t + 2*z - 137. What is the greatest common divisor of 14 and t?
14
Suppose 4112 = 30*d - 25*d - 2*x, 5*x = d - 850. What is the highest common divisor of d and 1394?
82
Let b be ((-4)/12)/(2/(-222)). Suppose -5*p = 126*p - 28*p - 99086. Calculate the highest common factor of p and b.
37
Let m = -8690 + 13044. Calculate the greatest common divisor of m and 28.
14
Let m be (-82138)/(-14) - (0 - (0 - 3)). What is the greatest common factor of m and 4?
4
Let z be ((-476)/(-10) + 0)*190/76. Suppose -4 = u - z. What is the greatest common divisor of 69 and u?
23
Suppose -170 = -2*p - 2*g + 2996, -3*p - g + 4747 = 0. Let y = p - 955. What is the greatest common factor of y and 57?
57
Let x(u) = -2*u - 24. Let m be x(-14). Let k(g) = 38 - 46 + 0 + 8*g. Let o be k(m). What is the highest common divisor of 8 and o?
8
Let s(k) = 2*k**2 - 38*k + 25. Let d be s(20). Suppose d*m = 57*m + 160. Let z = 184 + -84. Calculate the highest common divisor of m and z.
20
Let l be 4/(6/(-24)*-4). Suppose l*r = 529 + 47. Calculate the highest common divisor of r and 9.
9
Let y(b) = -24*b**2 - 12*b - 7. Let k be y(4). Let u = 790 + k. Calculate the highest common factor of u and 39.
39
Let c be 20/6*(27/(-6) + 6) - -5692. Calculate the highest common factor of 81 and c.
27
Let f = -607 + 1444. What is the highest common divisor of f and 465?
93
Let p = -105 + 291. Suppose x - 355 = -5*n, 4*x - 38*n - 1222 = -36*n. Calculate the highest common factor of x and p.
62
Let b(t) = 5*t**3 - 29*t**2 + 21*t + 1. Let u be b(5). What is the greatest common divisor of u and 369?
3
Let p(x) = 5*x + 42. Let a be p(-16). Let o = 4 - a. Let r be (70/15 - 6)/((-1)/o). What is the highest common divisor of 70 and r?
14
Suppose -4*a + 161 = -255. Let u = -77 + 19. Let m = u + 71. What is the highest common divisor of m and a?
13
Let i(r) = 576*r**2 + 101*r + 285. Let g be i(-3). What is the highest common factor of 123 and g?
123
Let m be (144/(-120))/((-6)/20). Let r be 4 - (-2 + m) - (1 - 65). What is the greatest common divisor of 99 and r?
33
Suppose -5*a + 4*l + 8926 = 0, 0 = -4*a - 8*l + 5*l + 7116. Suppose a = 23*n - n. Calculate the greatest common divisor of n and 3.
3
Suppose o - 21 = -l, 0 = 3*o - 2*l - 6 - 52. Suppose -3081 - 159 = -6*s. Calculate the greatest common factor of o and s.
20
Let p = -47 - -80. Let y = 17702 - 17691. What is the highest common divisor of y and p?
11
Let f = -523 - -541. Calculate the highest common divisor of 873 and f.
9
Let g = 11 + 1. Let t be (-6)/(-4) - (-7359)/22. Suppose -3*x = -7*x + t. Calculate the greatest common factor of x and g.
12
Suppose -r + 1 = -15. Let i(l) = 119*l - 3671. Let s be i(33). What is the greatest common factor of r and s?
16
Let a be 36/14*8/(-36)*-21. Suppose 2*l - 16 = 3*v, 64 = 5*l - l + 2*v. Suppose 6 = l*d - a*d. Calculate the greatest common factor of 33 and d.
3
Let f = 4390 + -4115. Let d = 78 - 53. Calculate the highest common divisor of f and d.
25
Suppose w - 3*p - 908 = 0, 3632 = 6*w - 2*w - p. Suppose -904*f - 1232 = -w*f. What is the highest common divisor of 88 and f?
44
Let b(n) = n**3 - 6*n**2 + 8*n - 8. Let h be b(8). Calculate the highest common divisor of h and 22540.
92
Let w(c) = 14 - 17*c - 3*c - 15. Let k be w(-2). Suppose -3*y + k = 2*x + x, 0 = -3*y + 4*x + 11. Calculate the highest common factor of 9 and y.
9
Suppose 0 = 20*s - 18*s - 7 - 25. Calculate the highest common factor of s and 12176.
16
Let q(n) = 11*n - 4*n**3 + n**2 + 4*n**2 - 3*n**3 + 2 + 5*n**3. Let s be q(-2). What is the greatest common divisor of 464 and s?
16
Let i = -310 - -464. Suppose 20*b = -2*b + i. What is the highest common divisor of 196 and b?
7
Let n be (5321/3 - -16)/((-2)/(-6) + 0). What is the greatest common divisor of n and 2065?
413
Suppose -20*s = -15*s + 3*n - 1749, 3*n - 9 = 0. Let m be (4 - 4/(-1))*29/4. What is the highest common factor of s and m?
58
Suppose 0 = 50*o - 152*o + 6324. Calculate the highest common divisor of o and 1891.
31
Let o(b) = -17*b - 133. Let z be o(-29). Let y = 229 - 149. Calculate the highest common factor of y and z.
40
Let q(r) = r**2 - 4*r - 11. Let f be q(13). Let v = f - 94. What is the highest common divisor of 60 and v?
12
Suppose -28*j - 210 = 3*k - 31*j, -5*k = -2*j + 347. Let q = 225 + k. What is the greatest common factor of 12 and q?
12
Let m be 729/4 - (291/12 + -24). What is the highest common divisor of m and 994?
14
Let p = 9246 - 2891. What is the highest common divisor of 155 and p?
155
Let w be 681 + (2/(-8) - (-69)/(-92)). Calculate the highest common divisor of w and 1768.
136
Let g = 5849 - 4184. Calculate the greatest common factor of g and 18.
9
Suppose 0 = 2*d - 21 - 61. Suppose -43*h = -38*h - 820. Suppose -100*l = -104*l + h. Calculate the greatest common divisor of l and d.
41
Let y(t) = 49*t - 26. Let d be y(2). Calculate the greatest common divisor of d and 25992.
72
Let d(a) = 2*a**3 - a**2 + 6*a - 15. Let j be -1 + (5 - (5 + (-1 - 3))). Let g be d(j). What is the greatest common factor of 24 and g?
24
Let m(f) = f**2 - 16*f - 17. Let o be m(19). Let j(r) = -r**2 + 4*r + 92. Let y be j(8). What is the highest common divisor of o and y?
20
Let y(c) = c**3 - 15*c**2 + 5*c - 71. Let v be y(15). Let f(q) = q + 8. Let p be f(v). What is the greatest common divisor of p and 132?
12
Let b be (-18)/(-12)*(-4)/(-3) - 2. Suppose 17*i - 868 - 815 = 0. Suppose -3*l + 5*k + i = 0, 0 = 2*k - b + 6. Calculate the greatest common divisor of l and 7.
7
Let s = -54 - -22. Let i = -28 - s. Suppose 0 = b + 4*k - 11, 0 = 5*b + k - i*k - 9. Calculate the highest common factor of 2 and b.
1
Let x(m) = 2*m**2 + 42*m - 396. Let t be x(9). Calculate the highest common divisor of t and 27.
9
Let a be (-34 - 3/(24/16))*-12. What is the greatest common factor of 1488 and a?
48
Let m be 17764/1 + (-184)/(25 - 2). Calculate the highest common divisor of m and 92.
92
Suppose -167 = -4*q + 25. Let z be 15/2 - 4/8. Let d be (-8 + z)*-4 - (1 - 29). What is the highest common divisor of d and q?
16
Let h(t) = -495*t - 2951. Let r be h(-6). What is the greatest common factor of 70224 and r?
19
Suppose -2142 = -12*q - 390. Calculate the greatest common divisor of 7957 and q.
73
Let c be (0 + (-1251)/(-27))*387. Calculate the highest common factor of c and 129.
129
Let c be 4565/20 - (-6)/(-24). Let b = c + -215. What is the highest common factor of b and 325?
13
Let x(n) = -20*n**3 - 36*n**2 - 190*n - 77. Let i be x(-6). What is the greatest common divisor of 61 and i?
61
Let p = 707 - 383. Let k be (-6)/(-10) + p/10. Let m = k + -26. What is the highest common divisor of 77 and m?
7
Suppose 0 = 4*m + d - 220, -2*d + 62 = 4*m - 3*m. Let z = -52 + m. Suppose -z*y - w = -23, y - 2*w = 5 + 14. What is the highest common factor of 52 and y?
13
Let t be -1 - (-3)/(3/28). Suppose 1346*p - 45 = 1342*p - 3*d, 5*d = -4*p + 59. What is the greatest common divisor of t and p?
3
Suppose 0 = -k, 2*a - 24*k - 306 = -25*k. Calculate the highest common factor of a and 1251.
9
Suppose -7*u = 3*y - 8*u - 626, 4*y = -10*u + 880. Let l(w) = 3*w - 5. Let g be l(5). Calculate the highest 